
What is the remainder when 91 is divided by 11?
3
What is the remainder when 2556 is divided by 283?
9
What is the remainder when 128 is divided by 19?
14
What is the remainder when 2527 is divided by 253?
250
What is the remainder when 31245 is divided by 250?
245
What is the remainder when 103 is divided by 84?
19
Calculate the remainder when 472 is divided by 103.
60
What is the remainder when 56 is divided by 29?
27
What is the remainder when 2588 is divided by 144?
140
Calculate the remainder when 142 is divided by 54.
34
What is the remainder when 60 is divided by 10?
0
Calculate the remainder when 462 is divided by 118.
108
What is the remainder when 85 is divided by 13?
7
What is the remainder when 1118 is divided by 32?
30
What is the remainder when 30 is divided by 3?
0
Calculate the remainder when 211 is divided by 66.
13
Calculate the remainder when 3099 is divided by 25.
24
What is the remainder when 440 is divided by 87?
5
Calculate the remainder when 2907 is divided by 726.
3
What is the remainder when 1840 is divided by 225?
40
Calculate the remainder when 1138 is divided by 142.
2
Calculate the remainder when 7622 is divided by 99.
98
Calculate the remainder when 3815 is divided by 33.
20
Calculate the remainder when 2814 is divided by 88.
86
Calculate the remainder when 258 is divided by 65.
63
What is the remainder when 81 is divided by 21?
18
Calculate the remainder when 907 is divided by 379.
149
What is the remainder when 467 is divided by 58?
3
Calculate the remainder when 209 is divided by 77.
55
Calculate the remainder when 289 is divided by 18.
1
What is the remainder when 251 is divided by 51?
47
Calculate the remainder when 249 is divided by 28.
25
What is the remainder when 49 is divided by 14?
7
Calculate the remainder when 168 is divided by 81.
6
What is the remainder when 451 is divided by 129?
64
Calculate the remainder when 274 is divided by 95.
84
What is the remainder when 565 is divided by 80?
5
What is the remainder when 8827 is divided by 327?
325
What is the remainder when 1636 is divided by 22?
8
Calculate the remainder when 350 is divided by 170.
10
What is the remainder when 438 is divided by 90?
78
Calculate the remainder when 445 is divided by 32.
29
What is the remainder when 8869 is divided by 286?
3
What is the remainder when 185 is divided by 51?
32
What is the remainder when 59 is divided by 20?
19
What is the remainder when 3735 is divided by 1240?
15
Calculate the remainder when 1817 is divided by 57.
50
Calculate the remainder when 515 is divided by 11.
9
What is the remainder when 139 is divided by 11?
7
What is the remainder when 886 is divided by 161?
81
Calculate the remainder when 399 is divided by 126.
21
Calculate the remainder when 16013 is divided by 154.
151
Calculate the remainder when 194 is divided by 169.
25
Calculate the remainder when 1030 is divided by 22.
18
Calculate the remainder when 574 is divided by 30.
4
Calculate the remainder when 22 is divided by 5.
2
What is the remainder when 4527 is divided by 30?
27
What is the remainder when 13874 is divided by 75?
74
What is the remainder when 751 is divided by 12?
7
Calculate the remainder when 97 is divided by 50.
47
What is the remainder when 285 is divided by 58?
53
Calculate the remainder when 299 is divided by 137.
25
Calculate the remainder when 71 is divided by 23.
2
What is the remainder when 1020 is divided by 148?
132
Calculate the remainder when 55472 is divided by 11.
10
Calculate the remainder when 106 is divided by 37.
32
Calculate the remainder when 205 is divided by 19.
15
Calculate the remainder when 412 is divided by 69.
67
What is the remainder when 400 is divided by 34?
26
Calculate the remainder when 66 is divided by 20.
6
What is the remainder when 209 is divided by 43?
37
What is the remainder when 74 is divided by 56?
18
What is the remainder when 112 is divided by 3?
1
What is the remainder when 248 is divided by 86?
76
What is the remainder when 634 is divided by 75?
34
What is the remainder when 340 is divided by 43?
39
What is the remainder when 36 is divided by 15?
6
Calculate the remainder when 627 is divided by 80.
67
What is the remainder when 68 is divided by 20?
8
Calculate the remainder when 20 is divided by 7.
6
Calculate the remainder when 218 is divided by 5.
3
What is the remainder when 2176 is divided by 1087?
2
What is the remainder when 942 is divided by 324?
294
What is the remainder when 43 is divided by 8?
3
Calculate the remainder when 209 is divided by 105.
104
Calculate the remainder when 376 is divided by 13.
12
Calculate the remainder when 89 is divided by 20.
9
Calculate the remainder when 13173 is divided by 122.
119
What is the remainder when 19 is divided by 10?
9
Calculate the remainder when 412 is divided by 105.
97
Calculate the remainder when 129 is divided by 27.
21
Calculate the remainder when 255 is divided by 6.
3
What is the remainder when 959 is divided by 8?
7
What is the remainder when 611 is divided by 51?
50
Calculate the remainder when 233 is divided by 12.
5
What is the remainder when 254 is divided by 126?
2
What is the remainder when 189 is divided by 57?
18
Calculate the remainder when 323 is divided by 117.
89
What is the remainder when 83 is divided by 48?
35
What is the remainder when 1579 is divided by 20?
19
What is the remainder when 1114 is divided by 80?
74
Calculate the remainder when 1233 is divided by 29.
15
Calculate the remainder when 217 is divided by 91.
35
Calculate the remainder when 313 is divided by 49.
19
What is the remainder when 1574 is divided by 21?
20
What is the remainder when 8 is divided by 3?
2
What is the remainder when 472 is divided by 17?
13
What is the remainder when 3957 is divided by 110?
107
What is the remainder when 11922 is divided by 271?
269
Calculate the remainder when 960 is divided by 13.
11
What is the remainder when 51 is divided by 39?
12
Calculate the remainder when 1133 is divided by 218.
43
What is the remainder when 731 is divided by 46?
41
What is the remainder when 170 is divided by 169?
1
Calculate the remainder when 42388 is divided by 157.
155
Calculate the remainder when 2367 is divided by 183.
171
What is the remainder when 214 is divided by 115?
99
What is the remainder when 5825 is divided by 47?
44
Calculate the remainder when 493 is divided by 51.
34
What is the remainder when 546 is divided by 109?
1
Calculate the remainder when 432 is divided by 138.
18
What is the remainder when 63 is divided by 17?
12
Calculate the remainder when 194 is divided by 51.
41
What is the remainder when 219 is divided by 26?
11
What is the remainder when 646 is divided by 25?
21
What is the remainder when 135 is divided by 58?
19
What is the remainder when 184 is divided by 67?
50
What is the remainder when 771 is divided by 4?
3
What is the remainder when 132 is divided by 118?
14
What is the remainder when 238 is divided by 79?
1
Calculate the remainder when 370 is divided by 51.
13
Calculate the remainder when 45 is divided by 20.
5
What is the remainder when 2339 is divided by 156?
155
What is the remainder when 491 is divided by 124?
119
Calculate the remainder when 471 is divided by 155.
6
Calculate the remainder when 379 is divided by 80.
59
What is the remainder when 272 is divided by 46?
42
Calculate the remainder when 405 is divided by 68.
65
What is the remainder when 21 is divided by 6?
3
Calculate the remainder when 2760 is divided by 459.
6
What is the remainder when 240 is divided by 41?
35
What is the remainder when 911 is divided by 38?
37
What is the remainder when 2303 is divided by 30?
23
Calculate the remainder when 10796 is divided by 150.
146
What is the remainder when 67 is divided by 26?
15
Calculate the remainder when 246 is divided by 28.
22
Calculate the remainder when 1406 is divided by 347.
18
What is the remainder when 375 is divided by 8?
7
What is the remainder when 218 is divided by 63?
29
What is the remainder when 1927 is divided by 206?
73
What is the remainder when 501 is divided by 175?
151
Calculate the remainder when 10493 is divided by 41.
38
What is the remainder when 223 is divided by 75?
73
What is the remainder when 393 is divided by 36?
33
Calculate the rem